 41 + -19?
12
Calculate 0 + -2 + (-32 - -32) - (-1 - 9).
8
What is (1 - 4) + (-5 - (7 - 8)) + 7?
0
What is the value of 26 + 12 + -8 + (-1 - 1) + 2?
30
Evaluate 27 + -20 + (-1 - -3) + -10.
-1
-23 - (3 - (-2 - -18))
-10
3 - (-33 - (97 - 97 - (7 + 1)))
28
What is -175 - -218 - (2 - -35)?
6
Calculate 6 - (9 - 3) - -20 - (3 - 1).
18
(-30 - -25) + 16 + 13
24
What is 1 - 3 - (-8 + (-1 - -3) + 3)?
1
What is 12 + -8 + 7 + -4 + 6?
13
Evaluate (21 - -8 - 1) + -6.
22
What is 12 - (29 + (12 - 2 - 8))?
-19
Calculate 10 + 1 - (-63 - -133 - 56).
-3
Evaluate -24 + (15 - (1 + -1 + 9)).
-18
What is -14 - -8 - 7 - -8 - (6 - 2)?
-9
What is the value of 3 + (4 - (3 + 3)) - (2 + -1)?
0
What is -7 + 8 + -18 - -7 - (-43 + 0)?
33
Evaluate (-11 - 1) + (129 - 124) + 8 + -2.
-1
Evaluate 211 - 226 - (-5 + 1 + 1).
-12
What is -2 + -7 + -1 - -11 - (1 - -14)?
-14
Calculate 4 + -10 + 6 + 1 + -14 + -7.
-20
What is -12 + (-10 - -11 - -12)?
1
(16 - (-4 + 26)) + (-8 - 15)
-29
What is the value of 18 + -21 + (19 - 7)?
9
Calculate 60 - 69 - (-11 + 10).
-8
Calculate (38 + -35 - 39) + 31.
-5
-31 + 4 - (-17 - 22)
12
20 - (37 - 13) - (1 + -16)
11
-17 - (7 - -11 - 17)
-18
Calculate 7 - ((-36 - -40) + -25).
28
What is 22 + -8 + 0 + -3 - (-79 - -71)?
19
What is the value of 7 - (-20 - (9 + -19))?
17
(1 - -2) + (2 - -2 - (17 + -27))
17
Calculate 0 - 13 - (18 + -45).
14
What is -11 - (-23 + (7 - (-7 + 12)))?
10
Evaluate 18 - (-13 + 22 - 6).
15
Evaluate 0 + 1 + 1 + -3 - (175 + -165).
-11
Evaluate 19 + 14 + -36 - (0 + (2 - 0)).
-5
What is the value of 37 - 31 - (-25 - -10)?
21
-20 - (16 + -12 + 1 + -17)
-8
Evaluate -44 - (-31 + -26 + -20).
33
Evaluate 3 - (9 - (3 + 11)) - 9.
-1
(11 - (-2 + 1 + 2 + 5)) + 1
6
Calculate -10 + 21 + -1 + 6 + 0 + -5.
11
(12 + 9 - -9) + 4 + -6
28
Calculate (-1 - (5 + -1)) + (-214 - -234).
15
Calculate 10 + (-19 + 10 - (-5 - (8 - 13))).
1
What is the value of -6 + -2 - ((-12 - -1 - -9) + 5)?
-11
What is (2 - (2 + -1)) + 10 + -16?
-5
What is (-5 + 10 - (-11 - -13)) + -3?
0
(0 - -3) + -3 - 5 - -6
1
What is -4 + 3 + -2 - (28 + 18 + -34)?
-15
Evaluate 41 + -4 + -26 + 10.
21
What is the value of 7 + -1 - (-47 + 32 + 14)?
7
(-26 - -54) + -17 - 13
-2
Calculate (8 - 15) + (-1 - -3).
-5
Calculate 69 + -59 + (1 - 26).
-15
Evaluate -2 + -4 + 2 + 3 - -7.
6
Evaluate -6 + 19 + (-8 + -20 - 16).
-31
What is the value of 26 + -10 - (0 - -4)?
12
What is (2 - -13) + (93 - 68) + -21?
19
What is -34 + (-14 - (-21 + -20))?
-7
What is the value of -13 - (5 - (21 + -13))?
-10
Evaluate -8 - (12 + (1 - 8)).
-13
Calculate 2 + (-6 + 9 + 2 - (4 - -7)).
-4
Calculate 2 + 7 + 4 + 10 + -8 + -9.
6
What is (35 - 54) + 17 + (-5 + 1 - 1)?
-7
Evaluate (-6 - 42 - -6) + (-84 - -96).
-30
What is the value of 221 - 220 - (3 - 1 - (9 - 1))?
7
Evaluate (19 - 42) + -17 + (4 - 1).
-37
What is the value of 6 + 1 + (6 - 2) + -8 - -1?
4
What is the value of 26 - 40 - -6 - 0?
-8
What is 1 + -2 + -3 + (-277 - -265)?
-16
Evaluate 5 + 0 - 28 - (24 - 28).
-19
6 - (-5 - (-2 + -10) - -3)
-4
Calculate 2 - ((3 - 2 - 36) + 11).
26
Evaluate -32 - (-31 - (-34 - -18)).
-17
What is the value of (4 + -16 - (3 - -1)) + 7?
-9
What is (-221 - -212) + (35 - 1) + -2?
23
Calculate 13 - 11 - (-7 - 5).
14
(18 - 0 - 9) + -11
-2
50 + -85 - (3 - (2 - -15))
-21
(-2 - -2 - -11) + (-10 - 10) + 35
26
11 + 2 + 10 + -19
4
Evaluate (-4 - (-5 + 4 - 1)) + -102 + 104.
0
What is the value of 1 + -7 + -3 + (-30 - (-53 - -29))?
-15
What is (0 - -10) + (-41 + 4 - -30)?
3
What is 6 + (-4 - -1) - (-1 + -3)?
7
13 + (-30 - 8) + 4
-21
What is (44 - 53) + (26 - 2) - (7 + -2)?
10
What is the value of 58 + (-99 - -37) + 22?
18
Evaluate -15 + 18 + -6 + 2.
-1
Evaluate 15 - 1 - (-1 - -22).
-7
What is 27 - ((2 - 3) + 4 + -13 + 11)?
26
4 + 3 + -2 - 2 - (-1 + -10)
14
What is -7 + 2 + (5 - 0) + (0 - -18)?
18
(-2 + 43 + -3 - 4) + (-23 - -19)
30
What is the value of -25 - ((6 - -5) + -3 - 12 - 0)?
-21
Evaluate -58 - -89 - (-9 - -1) - 10.
29
3 + 26 - 28 - (-1 + -13)
15
Calculate -73 + 79 - (4 + (2 - 12)).
12
(-6 + 8 + 0 - 10) + 12
4
Evaluate (13 + -1 - (20 - 1)) + (-9 - -1).
-15
Evaluate (4 - 17) + (1 - 0 - (40 + -42)).
-10
Evaluate (-3 - -5) + (17 - 20) - -6 - 15.
-10
Evaluate -1 - (0 - 14 - (-99 - -88)).
2
What is the value of -89 - -95 - (-1 + 4 + 0 + -2)?
5
What is the value of -2 + -2 + (-6 - (0 - 3)) + 0?
-7
Calculate -4 + -22 + -16 + (18 - 8).
-32
(92 - 65) + 2 + 4 + -6 + -5
22
What is 20 - -11 - ((-2 - 3) + 7 + 3)?
26
(3 - 2) + (5 - -3 - (9 - 6))
6
Evaluate -1 - (-16 + 7 + (20 - 11) + 6).
-7
Evaluate -25 - (9 + -31) - 16.
-19
Evaluate -3 + (5 - (-5 + 6 + 4)) + -7.
-10
Calculate (-7 - -1 - -15) + -38 + 10.
-19
Evaluate -5 - -9 - (-4 - (8 - 3)).
13
7 + (-5 - (-10 + 9 - (4 + -21)))
-14
Calculate (-7 - 22) + 53 + -2.
22
What is the value of -48 + 5 + 12 + 13?
-18
-35 + (-14 + -3 + 18 - (2 - 2))
-34
Evaluate 3 - (81 + -67 + 1 + 8).
-20
Evaluate 0 + (-9 + 1 - (-9 - 4 - -17)).
-12
-2 - -15 - -13 - 17
9
Calculate -5 + 3 - 6 - -10.
2
What is the value of 6 + (0 + -9 - (5 + 1) - -3)?
-6
Calculate 19 + -9 - (-2 - -21).
-9
Calculate -2 + 0 - (241 + -236).
-7
Calculate -1 + 2 - -10 - 17.
-6
What is the value of -10 + 28 - 11 - -3?
10
-5 - (-5 - 0) - (0 - -6) - 0
-6
What is the value of (-13 + 5 - -4) + 8 - (-9 + 9)?
4
What is -7 - (-8 + -2 + -12)?
15
Calculate (0 + (8 - 4) - (17 - 27)) + -9.
5
What is -3 + 3 + -6 + 9?
3
(9 - -1 - (64 + -53)) + 32
31
-7 + (-1 - -6) + 0 + -2 - 17
-21
What is the value of 28 - 0 - (-29 + 48)?
9
What is -66 - (29 - 39 - 21)?
-35
Evaluate (-1 - 9) + 5 - -12 - -4.
11
(-4 - -15) + 24 + -39
-4
What is the value of -5 - (5 + -7) - -7 - 13?
-9
What is the value of -3 + -2 + (0 - (24 + -23))?
-6
7 + (-6 + 0 - 1) - 1 - 13
-14
What is -13 - (8 - (11 - (-16 - -31)))?
-25
Calculate (-51 - -29 - -15) + (30 - -2 - 3).
22
Evaluate -18 + -35 - -17 - -17.
-19
-12 + 31 + (-39 - -23)
3
Calculate -1 + 0 + 6 + 3 + (-38 - -32).
2
Calculate -23 - -3 - (9 + (-19 - -8)).
-18
What is 23 + -1 + -2 + -6 + -16 + 25?
23
What is the value of 38 - (55 + (-78 - -35))?
26
Calculate 8 + -30 + 11 + -3 + (-12 - -8).
-18
Evaluate -10 - 0 - (20 + -23) - (9 - 5).
-11
What is the value of 1 + 16 + -3 + -16?
-2
What is the value of -64 - -66 - ((-7 - 2) + -3)?
14
Calculate -3 + (21 - (1 + 16)) + -2 + -8.
-9
What is the value of (-7 - (5 + 0 + 2)) + -2?
-16
What is 5 + -1 - (-6 + 14 + -4) - -2?
2
Evaluate -10 - (9 + -9 + 7).
-17
What is (-11 - (50 + -23)) + 23?
-15
(-13 - -4) + (5 - -16) + -12 + 19
19
-20 - (-45 + (3 - -7))
15
Calculate (1 - -4) + 0 + 21 + -28.
-2
(57 + -68 - (-5 + -3)) + (2 - 5)
-6
What is the value of 0 + 5 + (-16 - (2 - (5 + -5)))?
-13
What is the value of (3 - 4) + 3 + -3 + -10?
-11
Calculate -14 + 6 - (-13 + -11).
16
What is 5 + (2 - (2 + (-2 - -4)) - 7)?
-4
What is (17 - (11 + -5 - 5)) + 1?
17
-12 - (4 + -7 + 11 + -16)
-4
Evaluate -28 - (-7 - ((-14 - -14) + 6)).
-15
What is the value of 22 - (3 - -4 - -6)?
9
Evaluate 3 + (-8 - -4) + 1 - 13.
-13
-8 + 17 + -10 + 13 + -2 + -6
4
What is the value of 6 + -2 + 11 + (-4 - (7 + -5))?
9
What is (-3 - 4) + (-99 - -46) + 34?
-26
-6 - (-62 + (59 - 35))
32
What is the value of 22 + 2 - (135 - 89)?
-22
What is -21 + 17 + (-1 - -4) - (15 + -8)?
-8
6 + (8 - 9) + 1 + -7
-1
Evaluate (20 - 13 - (-1 - -1)) + (-44 - -23).
-14
Calculate (-3 - 0) + -5 + (1 - 2).
-9
(-8 - (-7 + -10)) + -22 + 7
-6
(8 - 9 - -2) + 3
4
-4 + (0 - -6) + -10 + -1
-9
What is 15 + (18 - 32) + 0?
1
What is the value of -3 - ((7 - 23) + 4)?
9
Calculate 28 - ((4 - -6 - 3) + (3 - 10)).
28
5 + -25 + -1 - 11
-32
What is -3 + 21 + -11 + -2 - (1 + -4)?
8
What is -9 + 0 + 75 + (-42 - 17)?
7
What is -4 + (6 - (3 - 1) - -3 - 4)?
-1
What is the value of (1 - 10) + 78 + -67?
2
What is (-3 - (5 - (5 + 5))) + -7?
-5
What is the value of 40 + -55 + 24 + (0 - 9)?
0
What is 0 - (-29 + (42 - 19) - (-1 - 24))?
-19
What is 14 - -2 - (-90 + 96)?
10
(5 - (33 + -19 - (6 - 0))) + -10
-13
What is the value of (9 - -4) + -4 + 6 + 1?
16
Calculate -28 - (-3 - (-5 + 21)).
-9
What is the value of (0 - -11) + (2 - (-3 - -4))?
12
(-2 - 0) + (-14 - -12 - (16 - -1))
-21
What is the value of 19 + -6 + (-13 - -5) + (-3 - -11)?
13
What is 25 - 38 - (-1 + -1) - 0 - 6?
-17
(9 - (-28 - -47) - (0 + -8)) + 8
6
14 + -20 + (4 - -28)
26
What is the value of 503 + -465 + (4 - (12 - -2))?
28
Evaluate (-9 + 